
Suppose 20 = -5*w - r - 0*r, -w - 2*r = 13. Calculate the remainder when (w + (8 - -59))/1 is divided by 14.
8
Let r(j) = j**3 - 16*j**2 - 17*j + 18. Calculate the remainder when (3/(-6))/(1/(-96)) + 4 is divided by r(17).
16
Let f(t) = -9*t - 36. Let d be f(-4). Suppose -12 = -4*j + 2*j - v, -4*j + 5*v - 4 = d. Calculate the remainder when 7 is divided by j.
3
Let z(q) = -q - 1. Let a(n) = n. Let v(c) = -2*c + 9. Let u(m) = 2*a(m) - v(m). Let j(x) = -u(x) - 5*z(x). Calculate the remainder when 73 is divided by j(11).
23
Suppose 5*b + 12 = 7*b, -1152 = -4*s + 4*b. Calculate the remainder when s is divided by 57.
9
Suppose 8 = 8*c + 104. Let m = 5 - -50. What is the remainder when m is divided by 39/(c/(-4)) - (0 + -2)?
10
Let r be (24/(-40))/(3/(-90)). Suppose -18 = -3*b + 4*p, -3*b - r = -6*b - 2*p. Suppose -22 + 55 = 3*y. Calculate the remainder when y is divided by b.
5
Let k(b) = b**3 - 19*b**2 + 13*b + 239. What is the remainder when 565 is divided by k(18)?
118
Let g = -287 - -328. Suppose 10 = -2*x, 0 = -5*z - 4*x + 706 - g. What is the remainder when z is divided by 23?
22
Let t(q) = -q**2 + 125*q + 526. Calculate the remainder when 356 is divided by t(-4).
6
Let c(l) = -l**2 - 7*l - 16. Let b be c(-4). Let g(d) = -2*d - 9. Calculate the remainder when g(-8) is divided by ((-1)/b)/(8/128).
3
Let g(w) = 4*w - 1. Calculate the remainder when (-14)/(-203) - (-238740)/667 is divided by g(5).
16
Let v = 10932 + -10923. What is the remainder when 92 is divided by v?
2
Let i be 9/11 - 24/(-132). Suppose -10*s + 15*s - 580 = 0. Suppose s = 5*j + i. Calculate the remainder when j is divided by 12.
11
Let f be (-11)/(6 - (-6349)/(-1057)). Suppose 360 = -f*j + 1671*j. Let c = 18 - -2. Calculate the remainder when j is divided by c.
16
Calculate the remainder when 18 - 24 - (-352 + (-2 - -3)) is divided by 70.
65
Let b(p) = 7*p**2 - 302*p + 389. Calculate the remainder when 2807 is divided by b(42).
51
Let r(i) = 3*i**3 + 15*i**2 + 10*i - 11. Let u be r(-5). What is the remainder when (u/(-6))/((-6)/(-36)) is divided by 23?
15
Let h(f) = -126*f**2 + 535*f - 27. Suppose 0 = z - 5*r - 196, 6*z = 2*z + 4*r + 768. What is the remainder when z is divided by h(4)?
94
Let f = 236 + -235. What is the remainder when (-135)/((-25)/5) + f is divided by 10?
8
Let v(d) = d**3 + 4*d**2 - 6*d. Let w be v(-5). Suppose 5*l = w*k - 17 + 252, 3 = k. Let c = -41373 - -41390. Calculate the remainder when l is divided by c.
16
Suppose -5*a = 3*y + 257, -5*y = -a - 10*y - 47. Let i = a - -81. What is the remainder when 101 is divided by i?
14
Suppose -v + 5 = 7, -1010 = -4*z + 5*v. Let r = -155 + z. Suppose 0 = 5*t - 10*t + 70. Calculate the remainder when r is divided by t.
11
Let x = 279 + -264. Suppose x*r - 103 = 197. What is the remainder when 217 is divided by r?
17
Let m = 115 + -114. Suppose m = -7*j + 169. What is the remainder when 90 is divided by j?
18
Let j(r) = -7*r**3 - 7*r**2 + 5*r + 6. Let i(m) = 7*m**3 + 6*m**2 - 4*m - 5. Let l(h) = -5*i(h) - 4*j(h). Calculate the remainder when 37 is divided by l(-1).
1
Let p = 700 + -567. Calculate the remainder when 3853 is divided by p.
129
Calculate the remainder when (4/30 - (-104)/(-105))/(2/(-966)) is divided by 3.
0
Let s(n) = 4*n**3 + 15*n**2 - 40*n - 5. What is the remainder when s(6) is divided by 576?
7
Let q = 50 + -48. Suppose 11*l - 559 = -q*l. What is the remainder when l/(-3)*(-18)/(-24)*-4 is divided by 11?
10
Let b = 201 + -203. Calculate the remainder when 192 is divided by 18 + -5 - (b + 2).
10
Let l(g) = g**3 - 7*g**2 + 10*g - 8. Let d be l(6). Let w = d - 13. Suppose -4*r - 275 = -319. Calculate the remainder when r is divided by w.
2
Let n = -5 + 5. Let s be (-2 + (-3)/(-2))*16/(-4). Suppose 2*u = -3*r - n*u + 27, 0 = -s*r + 2*u + 28. What is the remainder when r is divided by 8?
3
Suppose -2*y = -2*o - 1186, -11*o - 1773 = -3*y - 14*o. Let k = y - 559. Calculate the remainder when 160 is divided by k.
28
Suppose -8*n = -14*n - 9*n + 4020. What is the remainder when 1005 is divided by n?
201
Suppose -24*h + 258 - 186 = 0. Suppose 0 = -4*m + i + 149, -m = -0*i + 3*i - 34. Calculate the remainder when m is divided by h.
1
Let a be 39 + 0/(-4) + 5. Suppose -3*g + 356 = -z + a, -g + 2*z = -99. What is the remainder when g is divided by 22?
17
Suppose 154*v = 29044 + 3604. What is the remainder when v is divided by 85?
42
Let l = 447 - 677. Let a = -211 - l. Suppose 112 = -3*t + 4*t. What is the remainder when t is divided by a?
17
Suppose -4*u - 8 = -8*u. Suppose 0*r + 6 = u*r. What is the remainder when r/(18/332) + (-24)/72 is divided by 19?
17
Suppose 135 = 7*m - 2*m. Calculate the remainder when -55*30/(-25) + 24 is divided by m.
9
Suppose 546 = 14*g - 994. Suppose -u + 9 = -10. Calculate the remainder when u is divided by g/(-15)*(-18)/12.
8
Let i be ((-10)/8)/(1/(-4)). Suppose 0 = i*w - 4*t - 65, -w + t + 18 - 4 = 0. Calculate the remainder when 143 is divided by w.
8
Suppose -3*d + 81 = -3*z, 0 = -5*d - z + 64 + 77. Suppose -y + 0*y + 4*k = -118, 0 = -3*k - 15. Calculate the remainder when y is divided by d.
14
Suppose 6*n + 4*p - 605 + 361 = 0, -4*n = -2*p - 144. Suppose -2*z + 436 = 2*z. Calculate the remainder when z is divided by n.
33
Let u = -7 + 13. Let a be 35/u + -8*4/(-192). Suppose 140 = 11*x - a*x. Calculate the remainder when x is divided by 8.
4
Suppose b - 150 = -522. Let a = b - -504. Calculate the remainder when a is divided by 20.
12
Let m = -3603 + 3610. What is the remainder when 567 is divided by m?
0
Let a = 74 - 88. Let x be (-38)/a + (-2)/(-7) + 11. Let r(s) = 3*s + 10. Calculate the remainder when r(x) is divided by 18.
16
Let t = -100 + 223. Let k be 27/(1*(-12)/16). What is the remainder when t is divided by (k/(-7))/((-14)/(-49)) - 4?
11
Suppose -6*t - 5397 = -9*t - m, 3*t - 5349 = 7*m. Calculate the remainder when t is divided by 50.
47
What is the remainder when ((-7648)/717)/(2/(-204)) is divided by 5?
3
Let f(r) = 65*r + 3038. Calculate the remainder when 2526 is divided by f(-39).
11
Let a(c) = -2*c**2 + 7*c + 31. Let p be a(11). What is the remainder when 0 + 30/(-6) - p*1 is divided by 19?
15
Suppose 137*m + 773 - 7917 = 5186. Calculate the remainder when 3579 is divided by m.
69
Let f(y) = y**3 + 26*y**2 + 3. Let z be f(-26). Suppose o - 44 = 2*p, -z*p = 2*p - 25. What is the remainder when o is divided by 20?
14
Let r(j) = -j**3 + 6*j**2 - 3*j - 9. Let i be r(4). Suppose b - 58 = -i. What is the remainder when 328 is divided by b?
46
Suppose -117*r + 185*r + 12816 = 140*r. Suppose 0 = -2*a + 54 + 84. Calculate the remainder when r is divided by a.
40
Suppose 5*t - v + 11 = 0, 5*v - 11 = -5*t + 8*t. Calculate the remainder when 276 is divided by (96/(-36))/(t/54).
60
Let i = -57 - -61. Let b be (-2 + -8)*(-6 + (-6)/i). Calculate the remainder when (-5)/1 + b + 6 is divided by 27.
22
Let o = -747 - -917. Calculate the remainder when o is divided by 55.
5
Suppose -18*q + 16*q = 3*o + 10, 4*q + 14 = -3*o. Let p(j) = -39*j - 58. Calculate the remainder when 437 is divided by p(q).
17
Suppose w + 25*d - 29*d = 64, 29 = w + 3*d. What is the remainder when 422 is divided by w?
26
Suppose -82 + 42 = -4*c. Suppose -3*u = -3*b - 147, -5*u - b - 225 = -c*u. Suppose -13*j = -15*j + u. What is the remainder when 60 is divided by j?
16
Let g(t) = 5*t + 2528. Calculate the remainder when g(64) is divided by 92.
88
Let p(r) = -14*r + 354. What is the remainder when p(22) is divided by 1180/35 - 2/(-7)?
12
Suppose 9*d = 3282 + 444. Let t = 48 + -6. Suppose -t*m + 39*m = -d. What is the remainder when m is divided by 28?
26
Let y be (-1 + (-27)/(-15))/(6/270). Suppose 2*b = -4*j + 40, -5*j - b = -10*j + y. What is the remainder when j is divided by 3?
2
Let x be ((-18)/4)/((-1)/18). Let w = x + -58. Suppose -7 = -2*s + w. What is the remainder when 73 is divided by s?
13
Let w = 379 - 375. Let y(g) = g**2 - 3*g + 50. Calculate the remainder when y(w) is divided by 37.
17
Suppose -3*j = -50 - 7. Let d = -2380 + 2472. What is the remainder when d is divided by j?
16
Let c(o) = o**3 + 8*o**2 + 6*o + 8. Let a be (-24)/6 + (-18)/1 + -1. Let v(j) = -j**2 - 25*j - 21. What is the remainder when v(a) is divided by c(-7)?
10
Let r be 5 + 6190/(-14) + 4/28. What is the remainde